h) + 4/(-1). Calculate m(x).
0
Let i = 35 + -32. Let x(o) = o**3 - 3*o**2 + 2*o + 4. Calculate x(i).
10
Let r(a) be the third derivative of -a**9/60480 - a**8/5040 - a**7/2520 - a**6/180 - a**5/10 + 7*a**2. Let f(x) be the third derivative of r(x). Give f(-3).
-7
Let f(l) = -4*l. Suppose -5*z + c - 9 = 3*c, -c - 3 = z. Give f(z).
4
Let w(o) = -o - o - 2*o**2 + o**3 + 0*o**3 + 3. Let m = -56 - -58. What is w(m)?
-1
Suppose m + 6 - 2 = -l, 3*m - 3 = 0. Let q = 2 + l. Let y(v) = -v - 6. Let j be y(q). Let z(k) = -k**3 - k**2 + 3*k - 4. Give z(j).
5
Let t(p) = 2*p + 13. Let v be t(-10). Let a(g) = g + 4. What is a(v)?
-3
Let z(y) = y - 1. Let r(t) = -2*t + 4. Let w(o) = 5*r(o) + 20*z(o). What is w(-1)?
-10
Let i(f) = 3*f**3 - 6*f**2 + 15*f + 11. Let z(q) = -q**3 + 3*q**2 - 7*q - 5. Let w(j) = -2*i(j) - 5*z(j). Determine w(-4).
-1
Let b(k) = -9*k + 4. Let h(d) = -2*d + 1. Let o be (15/(-6) + 1)*4. Let z(m) = o*b(m) + 26*h(m). Let a be (-2 - 0)*(0 - 1). Give z(a).
6
Let g(b) be the first derivative of b**2 - 6*b - 1. Suppose 0 = q + 4*o + 16, -2*q + 18 = -o - o. Calculate g(q).
2
Let g(c) = -c**3 + 5*c**2 - 5*c + 4. Let l(a) = a - 9. Let w be l(11). Let x be (8/1 - w) + -3. Calculate g(x).
7
Suppose -1 + 9 = -4*j. Let y(k) = -3*k**3 - 3*k**2 + 3*k + 1. Let f(z) = z**3 + z**2 - z. Let w(o) = -7*f(o) - 3*y(o). What is w(j)?
-7
Suppose 0 = 4*o + 3*o - 28. Let i(m) be the third derivative of 0*m**3 + 2*m**2 + 0*m - 1/60*m**5 + 0 + 1/6*m**o. Determine i(3).
3
Suppose 23 = -14*t - 5. Let y(d) = 3*d + 3. What is y(t)?
-3
Let j(p) = -3*p + 0*p - 2*p**2 + 7 + p**2. Suppose z - c - 9 = 0, 27 = 5*z + 2*c - 39. Let a = z - 17. Calculate j(a).
-3
Let h = 2 + -1. Let f(g) = 0*g - 6*g + 7*g. Determine f(h).
1
Let f(z) = -3 + 2 - 1 - z + 0. Let r = -5 + 1. Calculate f(r).
2
Let x(n) = -6*n**3 + 6 - 2 + 3*n - 7*n**2 - 2*n + 5*n**3. Give x(-7).
-3
Let y(a) be the third derivative of -a**4/12 - 3*a**3/2 - 5*a**2. What is y(-6)?
3
Let h = 2 + 0. Suppose -h = 5*b + 18. Let x(a) = a + 5. Calculate x(b).
1
Let c be 2 - (5 + 0 + -1). Let j(x) be the second derivative of -x**5/20 + x**4/12 - x**3/6 - x**2/2 + 26*x. Give j(c).
13
Let t(o) = 8*o - 5. Let h(v) = 32*v - 21. Let m(w) = -2*h(w) + 9*t(w). Determine m(3).
21
Suppose 3*o + 36 = 7*o. Let h = o - 5. Let t(x) = -3*x + 4. What is t(h)?
-8
Suppose -2*i = z, 8*i = 4*i - 5*z. Let w(n) = n**3 - 1. Give w(i).
-1
Let n(a) = -6 + 10 - 3*a - 3*a + a. Determine n(4).
-16
Let p(m) be the first derivative of -m**3/6 + 3*m**2 - 2*m - 3. Let g(u) be the first derivative of p(u). Give g(5).
1
Suppose -h = -0*h. Let f(w) = -w**2 + w - 9. Let c be f(h). Let p be (-47)/c - (-8)/(-36). Let n(d) = -d + 2. Give n(p).
-3
Let x(h) = -h + 13. Let k be x(11). Let f(v) = -v - 3*v - k + v + 0*v. What is f(-2)?
4
Suppose s = -0*s + 2. Suppose 2*p + s*p = -16. Let r(t) = 4*t + 17. Let h(k) = 2*k + 8. Let z(b) = -7*h(b) + 3*r(b). What is z(p)?
3
Let s(z) = z**2 + 8*z + 4. Let p(q) = -q**3 - 3*q**2 + 6*q + 1. Let g be p(-4). Calculate s(g).
-3
Let t(f) = -8*f**2 + 26*f + 9. Let v(p) = -3*p**2 + 9*p + 3. Let o(z) = 4*t(z) - 11*v(z). Give o(-7).
17
Let m(v) = v**2 + v + 1. Let a(j) = -5*j**3 - 5*j**2 - 6*j - 7. Let f(s) = a(s) + 6*m(s). Let i(z) = -3*z + 4*z + 0*z - 1. Let t be i(0). Calculate f(t).
5
Let b(c) = -9*c**2 - c + 10. Let y(r) be the first derivative of 5*r**3/3 + r**2/2 - 5*r - 3. Let v(o) = 6*b(o) + 11*y(o). Calculate v(-5).
5
Let v(z) = z**3 - 5*z**2 + z. Let t be (-259)/(-49) + (-4)/14. Let n be v(t). Let b(r) = -r**2 + 6*r + 4. Give b(n).
9
Let d(f) = 2*f**2 - 2*f - 2. Suppose 0 = 4*w - 0*w - 12. Determine d(w).
10
Suppose -3*b + 2*q = -13, -3*b - 5*q = -4*q - 25. Let d(n) = -n**3 + 8*n**2 - 5*n - 7. What is d(b)?
7
Suppose -4*i - 5*u = 3 + 1, -16 = -3*i + u. Let q(l) = -2*l + 3. Determine q(i).
-5
Suppose -i + 4*i - 12 = 0. Suppose -4*x + 4 = -8. Let w(h) = 5*h + 1 - h**2 + x*h**2 - 3*h**2. Determine w(i).
5
Let p(i) = 2*i - 5. Let r(v) = -v**3 + 5*v**2 - 5*v + 4. Let c be r(4). Suppose u + 1 = -c*u. Let j be u + (11 - 3) + -3. Give p(j).
3
Let m = 15 + -13. Suppose 0 = 4*n + 5*d - 13 - m, -4*d + 12 = n. Let t(l) = l**3 - l - 6. Give t(n).
-6
Let x(d) be the first derivative of -d**4/8 + 5*d**3/6 + d**2/2 - 5. Let w(j) be the second derivative of x(j). Determine w(4).
-7
Let t = 29 + -18. Let g = t + -8. Let n(s) = -4*s - g*s + 6 + s + 5*s. Calculate n(6).
0
Let t(g) be the third derivative of -g**5/60 + 5*g**4/8 + 10*g**3/3 - 56*g**2. Give t(16).
4
Let c be 4/2*1 - 3. Let b = c - 2. Let o(w) be the second derivative of -w**3/6 + w**2 - w. Give o(b).
5
Let d(n) = -2*n. Let g be d(-3). Let z(w) = w**3 - 5*w**2 - 5*w - 8. Let o be z(g). Let s(p) = 0*p - 3 + 0*p**2 - 4*p - 6*p**2 + 2*p**2 - p**3. What is s(o)?
-3
Let j be ((-1 - -1)*-1)/(-1). Suppose j = -2*l + 4*g - 2, 2*g + 0*g + 9 = -l. Let c(z) = z**2 + 4*z - 3. Determine c(l).
2
Let r(k) = -5*k - 2 - 2 + 3. Let a = 99 - 98. Give r(a).
-6
Suppose 5*h - 3*h - 3 = d, 5*h = d + 15. Let n(w) = -2*w + h*w - 5*w + 4*w - 2. Give n(3).
1
Let j(b) be the third derivative of -b**7/2520 + b**6/90 - b**5/40 + b**4/6 + 4*b**2. Let l(f) be the second derivative of j(f). Give l(6).
9
Let c(d) = 5*d - 1. Let s be c(1). Suppose 2 = -s*a + 5*a. Let l(z) = z**2 - 1. Determine l(a).
3
Let h(s) = -s**2 - 2*s. Let c be h(-1). Let n(t) be the second derivative of 3*t**5/10 + t**4/12 - t**2/2 - 4*t. Calculate n(c).
6
Let d = -3 - -2. Let o(g) be the third derivative of -3*g**4/8 + g**3/6 + 6*g**2. Let w(v) = -v. Let s(j) = -o(j) + 2*w(j). Calculate s(d).
-8
Let j(g) = g**3 - 7*g**2 - 8*g + 2. Let b be j(8). Let v(s) = -b*s + s + 0*s + 2 - 3. Determine v(5).
-6
Let r(n) = n**2 + 9*n - 5. Let o(h) = 3*h - h - 3*h. Let a(p) = 4*o(p) + r(p). Calculate a(-4).
-9
Let v be ((-11)/33)/((-2)/42). Suppose 14 = 4*n - 6. Let p = v - n. Let j(t) = -t**3 + 4*t**2 - 3*t + 3. Calculate j(p).
5
Let z(p) = 5*p**2 - p. Let k be z(-1). Let u(v) = 3*v + 2*v - v - k - 5*v. Determine u(-5).
-1
Let v(b) = -3*b + 2. Let z(w) = 2*w - 2. Let g(x) = 3*v(x) + 4*z(x). Let k be g(-6). Let y(c) = 3*c - 2 - 2*c + k*c - c. What is y(2)?
6
Let n(u) = -u**2 + 2*u - 6*u + 3*u**2 + 5*u. What is n(-1)?
1
Let a(z) = -4*z + 5. Let d(h) = -5*h + 6. Let f(p) = -6*a(p) + 5*d(p). Calculate f(-6).
6
Let w(h) = -3*h + 2. Let q = 6 - -12. Let f be (-8)/(-3)*q/8. Let j be f/(-4) - 1/2. Calculate w(j).
8
Suppose 4*i + 3*x = -8, -4*i + 0 = 5*x + 8. Let v be (1 - 1) + 7 + i. Let l(s) = -s - v + 5 - 4. Calculate l(-3).
-1
Suppose -8 = -2*k, -n = -4*n + 5*k - 14. Let l(y) = -y + 1. Let d be l(-3). Let u be (6/2 - d) + n. Let x(o) = -9*o + 1. Determine x(u).
-8
Let t(s) be the second derivative of -s**6/120 + s**5/20 + 5*s**4/24 - 2*s**3/3 - 3*s**2/2 - 4*s. Let i(o) be the first derivative of t(o). Give i(4).
0
Let s(d) = 2 + 0*d**2 - 3*d**2 + 3*d**3 - 2*d**3 - 3*d - 3. Suppose 0 = -3*g - 3*j - 3, -j + 16 = 5*g + 1. Determine s(g).
3
Let t(v) be the first derivative of v**4/4 - 8*v**3/3 - 5*v - 16. Give t(8).
-5
Let g(h) be the third derivative of -h**4/4 + 2*h**2. Suppose -d + 1 = -4*s + 9, 4*s = 5*d + 8. Calculate g(s).
-12
Let o be -1*0/(-3 + 0). Let u(h) = 5*h**2 + 7 + h**2 - 2*h**2 - h - 3*h**2. What is u(o)?
7
Suppose p = 3*p - 4. Suppose 3*b + 2*b + 29 = 4*o, 2*o - p*b = 14. Let n(u) = -u + 7. What is n(o)?
1
Let n(j) = -4*j**2 + 0*j**2 - 1 + j**3 - 1 + 0*j**2 - 6*j. Calculate n(5).
-7
Let w(f) be the third derivative of -f**8/20160 + f**7/840 - f**5/20 + 3*f**2. Let a(x) be the third derivative of w(x). What is a(5)?
5
Suppose 4*s + 2*q = 10 + 8, 5*s + 4*q = 24. Suppose 5*f - 6 + 1 = 0. Let l(i) = 28*i**2 + 5 - 27*i**2 - 5*i + f. Determine l(s).
2
Let w(a) = a**2 - 2*a + 2. Suppose -2*d - 4 = 4*f - 42, 0 = 3*d - 2*f - 25. Suppose h = 4*z - 0*h - 13, -3*z + h = -d. Calculate w(z).
2
Let o(w) = -w**2 + 4*w - 3. Let h be o(2). Let b(f) be the second derivative of 7*f**4/12 + f**3/6 - 16*f. Give b(h).
8
Let q(z) = 2*z - 5. Let h be q(4). Let r(b) = 2*b**3 - 5*b**3 + 10*b**h - b**2. Calculate r(1).
6
Let i(j) = -j + 8. Let w be i(11). Let u(y) = y**3 + 3*y**2 - y. Calculate u(w).
3
Suppose 0 = -11*d - 6*d. Let l(r) be the third derivative of 0*r + d - 4*r**2 - 1/15*r**5 + 5/24*r**4 - 1/120*r**6 + 1/2*r**3. Determine l(-5).
3
Let x = -74 + 73. Let k(a) 